{"id":2063,"date":"2023-01-13T09:41:28","date_gmt":"2023-01-13T08:41:28","guid":{"rendered":"https:\/\/www.dev.bleuvif.com\/grandmenage\/?page_id=2063"},"modified":"2023-05-04T14:51:35","modified_gmt":"2023-05-04T12:51:35","slug":"bidon-vinaigres-dalcool","status":"publish","type":"page","link":"https:\/\/www.dev.bleuvif.com\/grandmenage\/produits\/bidon-vinaigres-dalcool\/","title":{"rendered":"Bidon-vinaigres d\u2019alcool"},"content":{"rendered":"\t\t<div data-elementor-type=\"wp-page\" data-elementor-id=\"2063\" class=\"elementor elementor-2063\">\n\t\t\t\t\t\t\t\t\t<section class=\"elementor-section elementor-top-section elementor-element elementor-element-4fec105 elementor-section-boxed elementor-section-height-default elementor-section-height-default\" data-id=\"4fec105\" data-element_type=\"section\">\n\t\t\t\t\t\t<div class=\"elementor-container elementor-column-gap-default\">\n\t\t\t\t\t<div class=\"elementor-column elementor-col-100 elementor-top-column elementor-element elementor-element-2b82832\" data-id=\"2b82832\" data-element_type=\"column\">\n\t\t\t<div class=\"elementor-widget-wrap elementor-element-populated\">\n\t\t\t\t\t\t\t\t<div class=\"elementor-element elementor-element-61014e4 elementor-widget elementor-widget-breadcrumbs\" data-id=\"61014e4\" data-element_type=\"widget\" data-widget_type=\"breadcrumbs.default\">\n\t\t\t\t<div class=\"elementor-widget-container\">\n\t\t\t<link rel=\"stylesheet\" href=\"https:\/\/www.dev.bleuvif.com\/grandmenage\/wp-content\/plugins\/elementor-pro\/assets\/css\/widget-theme-elements.min.css\"><p id=\"breadcrumbs\"><\/p>\t\t<\/div>\n\t\t\t\t<\/div>\n\t\t\t\t\t<\/div>\n\t\t<\/div>\n\t\t\t\t\t\t\t<\/div>\n\t\t<\/section>\n\t\t\t\t<section class=\"elementor-section elementor-top-section elementor-element elementor-element-694834b elementor-section-boxed elementor-section-height-default elementor-section-height-default\" data-id=\"694834b\" data-element_type=\"section\">\n\t\t\t\t\t\t<div class=\"elementor-container elementor-column-gap-default\">\n\t\t\t\t\t<div class=\"elementor-column elementor-col-50 elementor-top-column elementor-element elementor-element-a5b4d58\" data-id=\"a5b4d58\" data-element_type=\"column\" data-settings=\"{&quot;background_background&quot;:&quot;classic&quot;}\">\n\t\t\t<div class=\"elementor-widget-wrap elementor-element-populated\">\n\t\t\t\t\t\t\t\t<section class=\"elementor-section elementor-inner-section elementor-element elementor-element-7eb233e elementor-section-boxed elementor-section-height-default elementor-section-height-default\" data-id=\"7eb233e\" data-element_type=\"section\">\n\t\t\t\t\t\t<div class=\"elementor-container elementor-column-gap-default\">\n\t\t\t\t\t<div class=\"elementor-column elementor-col-50 elementor-inner-column elementor-element elementor-element-730a619\" data-id=\"730a619\" data-element_type=\"column\" data-settings=\"{&quot;background_background&quot;:&quot;classic&quot;}\">\n\t\t\t<div class=\"elementor-widget-wrap elementor-element-populated\">\n\t\t\t\t\t\t\t\t<div class=\"elementor-element elementor-element-d453ba9 elementor-widget elementor-widget-text-editor\" data-id=\"d453ba9\" data-element_type=\"widget\" data-widget_type=\"text-editor.default\">\n\t\t\t\t<div class=\"elementor-widget-container\">\n\t\t\t<style>\/*! elementor - v3.13.2 - 11-05-2023 *\/\n.elementor-widget-text-editor.elementor-drop-cap-view-stacked .elementor-drop-cap{background-color:#69727d;color:#fff}.elementor-widget-text-editor.elementor-drop-cap-view-framed .elementor-drop-cap{color:#69727d;border:3px solid;background-color:transparent}.elementor-widget-text-editor:not(.elementor-drop-cap-view-default) .elementor-drop-cap{margin-top:8px}.elementor-widget-text-editor:not(.elementor-drop-cap-view-default) .elementor-drop-cap-letter{width:1em;height:1em}.elementor-widget-text-editor .elementor-drop-cap{float:left;text-align:center;line-height:1;font-size:50px}.elementor-widget-text-editor .elementor-drop-cap-letter{display:inline-block}<\/style>\t\t\t\t<p>\u00a012\u00b0 <br \/>d\u2019acidit\u00e9<\/p>\t\t\t\t\t\t<\/div>\n\t\t\t\t<\/div>\n\t\t\t\t<div class=\"elementor-element elementor-element-63ff3e8 e-transform elementor-widget elementor-widget-image\" data-id=\"63ff3e8\" data-element_type=\"widget\" data-settings=\"{&quot;_transform_flipX_effect&quot;:&quot;transform&quot;}\" data-widget_type=\"image.default\">\n\t\t\t\t<div class=\"elementor-widget-container\">\n\t\t\t<style>\/*! elementor - v3.13.2 - 11-05-2023 *\/\n.elementor-widget-image{text-align:center}.elementor-widget-image a{display:inline-block}.elementor-widget-image a img[src$=\".svg\"]{width:48px}.elementor-widget-image img{vertical-align:middle;display:inline-block}<\/style>\t\t\t\t\t\t\t\t\t\t\t\t<img loading=\"lazy\" decoding=\"async\" width=\"388\" height=\"409\" src=\"https:\/\/www.dev.bleuvif.com\/grandmenage\/wp-content\/uploads\/2023\/01\/Fleches.png\" class=\"attachment-large size-large wp-image-995\" alt=\"\" srcset=\"https:\/\/www.dev.bleuvif.com\/grandmenage\/wp-content\/uploads\/2023\/01\/Fleches.png 388w, https:\/\/www.dev.bleuvif.com\/grandmenage\/wp-content\/uploads\/2023\/01\/Fleches-285x300.png 285w\" sizes=\"auto, (max-width: 388px) 100vw, 388px\" \/>\t\t\t\t\t\t\t\t\t\t\t\t\t\t\t<\/div>\n\t\t\t\t<\/div>\n\t\t\t\t\t<\/div>\n\t\t<\/div>\n\t\t\t\t<div class=\"elementor-column elementor-col-50 elementor-inner-column elementor-element elementor-element-a401a53\" data-id=\"a401a53\" data-element_type=\"column\">\n\t\t\t<div class=\"elementor-widget-wrap elementor-element-populated\">\n\t\t\t\t\t\t\t\t<div class=\"elementor-element elementor-element-b00a9f3 elementor-widget elementor-widget-text-editor\" data-id=\"b00a9f3\" data-element_type=\"widget\" data-widget_type=\"text-editor.default\">\n\t\t\t\t<div class=\"elementor-widget-container\">\n\t\t\t\t\t\t\t<p>\u00c0 base d\u2019alcool de betterave fran\u00e7ais<\/p>\t\t\t\t\t\t<\/div>\n\t\t\t\t<\/div>\n\t\t\t\t<div class=\"elementor-element elementor-element-d891947 elementor-widget elementor-widget-image\" data-id=\"d891947\" data-element_type=\"widget\" data-widget_type=\"image.default\">\n\t\t\t\t<div class=\"elementor-widget-container\">\n\t\t\t\t\t\t\t\t\t\t\t\t\t\t\t<img loading=\"lazy\" decoding=\"async\" width=\"388\" height=\"409\" src=\"https:\/\/www.dev.bleuvif.com\/grandmenage\/wp-content\/uploads\/2023\/01\/Fleches.png\" class=\"attachment-large size-large wp-image-995\" alt=\"\" srcset=\"https:\/\/www.dev.bleuvif.com\/grandmenage\/wp-content\/uploads\/2023\/01\/Fleches.png 388w, https:\/\/www.dev.bleuvif.com\/grandmenage\/wp-content\/uploads\/2023\/01\/Fleches-285x300.png 285w\" sizes=\"auto, (max-width: 388px) 100vw, 388px\" \/>\t\t\t\t\t\t\t\t\t\t\t\t\t\t\t<\/div>\n\t\t\t\t<\/div>\n\t\t\t\t\t<\/div>\n\t\t<\/div>\n\t\t\t\t\t\t\t<\/div>\n\t\t<\/section>\n\t\t\t\t\t<\/div>\n\t\t<\/div>\n\t\t\t\t<div class=\"elementor-column elementor-col-50 elementor-top-column elementor-element elementor-element-a7727c8\" data-id=\"a7727c8\" data-element_type=\"column\">\n\t\t\t<div class=\"elementor-widget-wrap elementor-element-populated\">\n\t\t\t\t\t\t\t\t<div class=\"elementor-element elementor-element-80da66c elementor-widget elementor-widget-heading\" data-id=\"80da66c\" data-element_type=\"widget\" data-widget_type=\"heading.default\">\n\t\t\t\t<div class=\"elementor-widget-container\">\n\t\t\t<style>\/*! elementor - v3.13.2 - 11-05-2023 *\/\n.elementor-heading-title{padding:0;margin:0;line-height:1}.elementor-widget-heading .elementor-heading-title[class*=elementor-size-]>a{color:inherit;font-size:inherit;line-height:inherit}.elementor-widget-heading .elementor-heading-title.elementor-size-small{font-size:15px}.elementor-widget-heading .elementor-heading-title.elementor-size-medium{font-size:19px}.elementor-widget-heading .elementor-heading-title.elementor-size-large{font-size:29px}.elementor-widget-heading .elementor-heading-title.elementor-size-xl{font-size:39px}.elementor-widget-heading .elementor-heading-title.elementor-size-xxl{font-size:59px}<\/style><h2 class=\"elementor-heading-title elementor-size-default\">Bidons vinaigre d\u2019alcool<\/h2>\t\t<\/div>\n\t\t\t\t<\/div>\n\t\t\t\t<div class=\"elementor-element elementor-element-fea6f06 elementor-widget elementor-widget-heading\" data-id=\"fea6f06\" data-element_type=\"widget\" data-widget_type=\"heading.default\">\n\t\t\t\t<div class=\"elementor-widget-container\">\n\t\t\t<h2 class=\"elementor-heading-title elementor-size-default\">1 L<\/h2>\t\t<\/div>\n\t\t\t\t<\/div>\n\t\t\t\t<div class=\"elementor-element elementor-element-6ce000c elementor-widget elementor-widget-text-editor\" data-id=\"6ce000c\" data-element_type=\"widget\" data-widget_type=\"text-editor.default\">\n\t\t\t\t<div class=\"elementor-widget-container\">\n\t\t\t\t\t\t\t<p>Le contenant original et \u00e9conomique par excellence. Toujours aussi efficaces, les jerricans seront vos alli\u00e9s pour vaincre la salet\u00e9 et faire scintiller votre int\u00e9rieur.<\/p>\t\t\t\t\t\t<\/div>\n\t\t\t\t<\/div>\n\t\t\t\t<div class=\"elementor-element elementor-element-00765a6 elementor-widget__width-auto elementor-widget elementor-widget-heading\" data-id=\"00765a6\" data-element_type=\"widget\" data-widget_type=\"heading.default\">\n\t\t\t\t<div class=\"elementor-widget-container\">\n\t\t\t<h2 class=\"elementor-heading-title elementor-size-default\">Parfums disponibles<\/h2>\t\t<\/div>\n\t\t\t\t<\/div>\n\t\t\t\t<section class=\"elementor-section elementor-inner-section elementor-element elementor-element-62e0aef elementor-section-boxed elementor-section-height-default elementor-section-height-default\" data-id=\"62e0aef\" data-element_type=\"section\">\n\t\t\t\t\t\t<div class=\"elementor-container elementor-column-gap-default\">\n\t\t\t\t\t<div class=\"elementor-column elementor-col-50 elementor-inner-column elementor-element elementor-element-1282f8a\" data-id=\"1282f8a\" data-element_type=\"column\">\n\t\t\t<div class=\"elementor-widget-wrap elementor-element-populated\">\n\t\t\t\t\t\t\t\t<div class=\"elementor-element elementor-element-9a6e456 elementor-widget elementor-widget-image\" data-id=\"9a6e456\" data-element_type=\"widget\" data-widget_type=\"image.default\">\n\t\t\t\t<div class=\"elementor-widget-container\">\n\t\t\t\t\t\t\t\t\t\t\t\t\t\t\t<img loading=\"lazy\" decoding=\"async\" width=\"112\" height=\"144\" src=\"https:\/\/www.dev.bleuvif.com\/grandmenage\/wp-content\/uploads\/2023\/01\/Cristal.png\" class=\"attachment-large size-large wp-image-1656\" alt=\"Cristal\" \/>\t\t\t\t\t\t\t\t\t\t\t\t\t\t\t<\/div>\n\t\t\t\t<\/div>\n\t\t\t\t<div class=\"elementor-element elementor-element-2a224fa elementor-widget elementor-widget-text-editor\" data-id=\"2a224fa\" data-element_type=\"widget\" data-widget_type=\"text-editor.default\">\n\t\t\t\t<div class=\"elementor-widget-container\">\n\t\t\t\t\t\t\t<p>Cristal<\/p>\t\t\t\t\t\t<\/div>\n\t\t\t\t<\/div>\n\t\t\t\t\t<\/div>\n\t\t<\/div>\n\t\t\t\t<div class=\"elementor-column elementor-col-50 elementor-inner-column elementor-element elementor-element-d1fd7f6\" data-id=\"d1fd7f6\" data-element_type=\"column\">\n\t\t\t<div class=\"elementor-widget-wrap elementor-element-populated\">\n\t\t\t\t\t\t\t\t<div class=\"elementor-element elementor-element-39af434 elementor-widget elementor-widget-image\" data-id=\"39af434\" data-element_type=\"widget\" data-widget_type=\"image.default\">\n\t\t\t\t<div class=\"elementor-widget-container\">\n\t\t\t\t\t\t\t\t\t\t\t\t\t\t\t<img loading=\"lazy\" decoding=\"async\" width=\"101\" height=\"178\" src=\"https:\/\/www.dev.bleuvif.com\/grandmenage\/wp-content\/uploads\/2023\/01\/PinsDesLandes-2.png\" class=\"attachment-large size-large wp-image-1659\" alt=\"\" \/>\t\t\t\t\t\t\t\t\t\t\t\t\t\t\t<\/div>\n\t\t\t\t<\/div>\n\t\t\t\t<div class=\"elementor-element elementor-element-42f0115 elementor-widget elementor-widget-text-editor\" data-id=\"42f0115\" data-element_type=\"widget\" data-widget_type=\"text-editor.default\">\n\t\t\t\t<div class=\"elementor-widget-container\">\n\t\t\t\t\t\t\t<p>Pin des Landes<\/p>\t\t\t\t\t\t<\/div>\n\t\t\t\t<\/div>\n\t\t\t\t\t<\/div>\n\t\t<\/div>\n\t\t\t\t\t\t\t<\/div>\n\t\t<\/section>\n\t\t\t\t\t<\/div>\n\t\t<\/div>\n\t\t\t\t\t\t\t<\/div>\n\t\t<\/section>\n\t\t\t\t<section class=\"elementor-section elementor-top-section elementor-element elementor-element-b89413a elementor-section-boxed elementor-section-height-default elementor-section-height-default\" data-id=\"b89413a\" data-element_type=\"section\">\n\t\t\t\t\t\t<div class=\"elementor-container elementor-column-gap-default\">\n\t\t\t\t\t<div class=\"elementor-column elementor-col-50 elementor-top-column elementor-element elementor-element-384c86c\" data-id=\"384c86c\" data-element_type=\"column\">\n\t\t\t<div class=\"elementor-widget-wrap elementor-element-populated\">\n\t\t\t\t\t\t\t\t<div class=\"elementor-element elementor-element-2d80a23 elementor-widget__width-auto elementor-widget elementor-widget-heading\" data-id=\"2d80a23\" data-element_type=\"widget\" data-widget_type=\"heading.default\">\n\t\t\t\t<div class=\"elementor-widget-container\">\n\t\t\t<h2 class=\"elementor-heading-title elementor-size-default\">Compositions<\/h2>\t\t<\/div>\n\t\t\t\t<\/div>\n\t\t\t\t<div class=\"elementor-element elementor-element-e6e5c86 elementor-widget elementor-widget-text-editor\" data-id=\"e6e5c86\" data-element_type=\"widget\" data-widget_type=\"text-editor.default\">\n\t\t\t\t<div class=\"elementor-widget-container\">\n\t\t\t\t\t\t\t<p>Vinaigre d\u2019alcool (acide ac\u00e9tique 12% : N\u00b0EINECS 200-580-7 \/ n\u00b0CAS 64-19-7).<br>\u2022 Origine : alcool de betterave surfin de la r\u00e9gion parisienne et nord de la France.*<br>\u2022 Stockage : temp\u00e9rature ambiante, pas de date de limite de conservation.<br><span style=\"color: var( --e-global-color-text ); font-size: 1rem;\">*<\/span><span style=\"color: var( --e-global-color-text ); font-size: 1rem;\"><i>sous r\u00e9serve d\u2019approvisionnement<\/i><\/span><\/p>\n<p><\/p>\t\t\t\t\t\t<\/div>\n\t\t\t\t<\/div>\n\t\t\t\t<div class=\"elementor-element elementor-element-7b80b1a elementor-widget__width-auto elementor-widget elementor-widget-heading\" data-id=\"7b80b1a\" data-element_type=\"widget\" data-widget_type=\"heading.default\">\n\t\t\t\t<div class=\"elementor-widget-container\">\n\t\t\t<h2 class=\"elementor-heading-title elementor-size-default\">Mise en garde<\/h2>\t\t<\/div>\n\t\t\t\t<\/div>\n\t\t\t\t<div class=\"elementor-element elementor-element-9c109c1 elementor-widget elementor-widget-text-editor\" data-id=\"9c109c1\" data-element_type=\"widget\" data-widget_type=\"text-editor.default\">\n\t\t\t\t<div class=\"elementor-widget-container\">\n\t\t\t\t\t\t\t<p>H315 : provoque une irritation cutan\u00e9e (Skin Irrit. 2)<br \/>H319 : provoque une s\u00e9v\u00e8re irritation des yeux (Eye Irrit. 2)<\/p>\t\t\t\t\t\t<\/div>\n\t\t\t\t<\/div>\n\t\t\t\t\t<\/div>\n\t\t<\/div>\n\t\t\t\t<div class=\"elementor-column elementor-col-50 elementor-top-column elementor-element elementor-element-6979da7\" data-id=\"6979da7\" data-element_type=\"column\">\n\t\t\t<div class=\"elementor-widget-wrap elementor-element-populated\">\n\t\t\t\t\t\t\t\t<div class=\"elementor-element elementor-element-a8353cc elementor-widget elementor-widget-image\" data-id=\"a8353cc\" data-element_type=\"widget\" data-widget_type=\"image.default\">\n\t\t\t\t<div class=\"elementor-widget-container\">\n\t\t\t\t\t\t\t\t\t\t\t\t\t\t\t<img loading=\"lazy\" decoding=\"async\" width=\"800\" height=\"622\" src=\"https:\/\/www.dev.bleuvif.com\/grandmenage\/wp-content\/uploads\/2023\/01\/Simu_Bidon.png\" class=\"attachment-large size-large wp-image-2075\" alt=\"\" srcset=\"https:\/\/www.dev.bleuvif.com\/grandmenage\/wp-content\/uploads\/2023\/01\/Simu_Bidon.png 812w, https:\/\/www.dev.bleuvif.com\/grandmenage\/wp-content\/uploads\/2023\/01\/Simu_Bidon-300x233.png 300w, https:\/\/www.dev.bleuvif.com\/grandmenage\/wp-content\/uploads\/2023\/01\/Simu_Bidon-768x597.png 768w\" sizes=\"auto, (max-width: 800px) 100vw, 800px\" \/>\t\t\t\t\t\t\t\t\t\t\t\t\t\t\t<\/div>\n\t\t\t\t<\/div>\n\t\t\t\t\t<\/div>\n\t\t<\/div>\n\t\t\t\t\t\t\t<\/div>\n\t\t<\/section>\n\t\t\t\t\t\t\t<\/div>\n\t\t","protected":false},"excerpt":{"rendered":"<p>\u00a012\u00b0 d\u2019acidit\u00e9 \u00c0 base d\u2019alcool de betterave fran\u00e7ais Bidons vinaigre d\u2019alcool 1 L Le contenant original et \u00e9conomique par excellence. Toujours aussi efficaces, les jerricans seront vos alli\u00e9s pour vaincre la salet\u00e9 et faire scintiller votre int\u00e9rieur. Parfums disponibles Cristal Pin des Landes Compositions Vinaigre d\u2019alcool (acide ac\u00e9tique 12% : N\u00b0EINECS 200-580-7 \/ n\u00b0CAS 64-19-7).\u2022 [&hellip;]<\/p>\n","protected":false},"author":1,"featured_media":0,"parent":14,"menu_order":0,"comment_status":"closed","ping_status":"closed","template":"","meta":{"footnotes":""},"class_list":["post-2063","page","type-page","status-publish","hentry"],"yoast_head":"<!-- This site is optimized with the Yoast SEO plugin v20.7 - https:\/\/yoast.com\/wordpress\/plugins\/seo\/ -->\n<title>Bidon-vinaigres d\u2019alcool - Grand m\u00e9nage<\/title>\n<meta name=\"robots\" content=\"index, follow, max-snippet:-1, max-image-preview:large, max-video-preview:-1\" \/>\n<link rel=\"canonical\" href=\"https:\/\/www.dev.bleuvif.com\/grandmenage\/produits\/bidon-vinaigres-dalcool\/\" \/>\n<meta property=\"og:locale\" content=\"fr_FR\" \/>\n<meta property=\"og:type\" content=\"article\" \/>\n<meta property=\"og:title\" content=\"Bidon-vinaigres d\u2019alcool - Grand m\u00e9nage\" \/>\n<meta property=\"og:description\" content=\"\u00a012\u00b0 d\u2019acidit\u00e9 \u00c0 base d\u2019alcool de betterave fran\u00e7ais Bidons vinaigre d\u2019alcool 1 L Le contenant original et \u00e9conomique par excellence. Toujours aussi efficaces, les jerricans seront vos alli\u00e9s pour vaincre la salet\u00e9 et faire scintiller votre int\u00e9rieur. Parfums disponibles Cristal Pin des Landes Compositions Vinaigre d\u2019alcool (acide ac\u00e9tique 12% : N\u00b0EINECS 200-580-7 \/ n\u00b0CAS 64-19-7).\u2022 [&hellip;]\" \/>\n<meta property=\"og:url\" content=\"https:\/\/www.dev.bleuvif.com\/grandmenage\/produits\/bidon-vinaigres-dalcool\/\" \/>\n<meta property=\"og:site_name\" content=\"Grand m\u00e9nage\" \/>\n<meta property=\"article:modified_time\" content=\"2023-05-04T12:51:35+00:00\" \/>\n<meta property=\"og:image\" content=\"https:\/\/www.dev.bleuvif.com\/grandmenage\/wp-content\/uploads\/2023\/01\/Fleches.png\" \/>\n<meta name=\"twitter:card\" content=\"summary_large_image\" \/>\n<meta name=\"twitter:label1\" content=\"Dur\u00e9e de lecture estim\u00e9e\" \/>\n\t<meta name=\"twitter:data1\" content=\"2 minutes\" \/>\n<script type=\"application\/ld+json\" class=\"yoast-schema-graph\">{\"@context\":\"https:\/\/schema.org\",\"@graph\":[{\"@type\":\"WebPage\",\"@id\":\"https:\/\/www.dev.bleuvif.com\/grandmenage\/produits\/bidon-vinaigres-dalcool\/\",\"url\":\"https:\/\/www.dev.bleuvif.com\/grandmenage\/produits\/bidon-vinaigres-dalcool\/\",\"name\":\"Bidon-vinaigres d\u2019alcool - Grand m\u00e9nage\",\"isPartOf\":{\"@id\":\"https:\/\/www.dev.bleuvif.com\/grandmenage\/#website\"},\"datePublished\":\"2023-01-13T08:41:28+00:00\",\"dateModified\":\"2023-05-04T12:51:35+00:00\",\"breadcrumb\":{\"@id\":\"https:\/\/www.dev.bleuvif.com\/grandmenage\/produits\/bidon-vinaigres-dalcool\/#breadcrumb\"},\"inLanguage\":\"fr-FR\",\"potentialAction\":[{\"@type\":\"ReadAction\",\"target\":[\"https:\/\/www.dev.bleuvif.com\/grandmenage\/produits\/bidon-vinaigres-dalcool\/\"]}]},{\"@type\":\"BreadcrumbList\",\"@id\":\"https:\/\/www.dev.bleuvif.com\/grandmenage\/produits\/bidon-vinaigres-dalcool\/#breadcrumb\",\"itemListElement\":[{\"@type\":\"ListItem\",\"position\":1,\"name\":\"PRODUITS\",\"item\":\"https:\/\/www.dev.bleuvif.com\/grandmenage\/produits\/\"},{\"@type\":\"ListItem\",\"position\":2,\"name\":\"BIDONS VINAIGRE D'ALCOOL\"}]},{\"@type\":\"WebSite\",\"@id\":\"https:\/\/www.dev.bleuvif.com\/grandmenage\/#website\",\"url\":\"https:\/\/www.dev.bleuvif.com\/grandmenage\/\",\"name\":\"Grand m\u00e9nage\",\"description\":\"\",\"publisher\":{\"@id\":\"https:\/\/www.dev.bleuvif.com\/grandmenage\/#organization\"},\"potentialAction\":[{\"@type\":\"SearchAction\",\"target\":{\"@type\":\"EntryPoint\",\"urlTemplate\":\"https:\/\/www.dev.bleuvif.com\/grandmenage\/?s={search_term_string}\"},\"query-input\":\"required name=search_term_string\"}],\"inLanguage\":\"fr-FR\"},{\"@type\":\"Organization\",\"@id\":\"https:\/\/www.dev.bleuvif.com\/grandmenage\/#organization\",\"name\":\"Grand m\u00e9nage\",\"url\":\"https:\/\/www.dev.bleuvif.com\/grandmenage\/\",\"logo\":{\"@type\":\"ImageObject\",\"inLanguage\":\"fr-FR\",\"@id\":\"https:\/\/www.dev.bleuvif.com\/grandmenage\/#\/schema\/logo\/image\/\",\"url\":\"https:\/\/www.dev.bleuvif.com\/grandmenage\/wp-content\/uploads\/2023\/01\/cropped-PlaneteGM.png\",\"contentUrl\":\"https:\/\/www.dev.bleuvif.com\/grandmenage\/wp-content\/uploads\/2023\/01\/cropped-PlaneteGM.png\",\"width\":512,\"height\":512,\"caption\":\"Grand m\u00e9nage\"},\"image\":{\"@id\":\"https:\/\/www.dev.bleuvif.com\/grandmenage\/#\/schema\/logo\/image\/\"}}]}<\/script>\n<!-- \/ Yoast SEO plugin. -->","yoast_head_json":{"title":"Bidon-vinaigres d\u2019alcool - Grand m\u00e9nage","robots":{"index":"index","follow":"follow","max-snippet":"max-snippet:-1","max-image-preview":"max-image-preview:large","max-video-preview":"max-video-preview:-1"},"canonical":"https:\/\/www.dev.bleuvif.com\/grandmenage\/produits\/bidon-vinaigres-dalcool\/","og_locale":"fr_FR","og_type":"article","og_title":"Bidon-vinaigres d\u2019alcool - Grand m\u00e9nage","og_description":"\u00a012\u00b0 d\u2019acidit\u00e9 \u00c0 base d\u2019alcool de betterave fran\u00e7ais Bidons vinaigre d\u2019alcool 1 L Le contenant original et \u00e9conomique par excellence. Toujours aussi efficaces, les jerricans seront vos alli\u00e9s pour vaincre la salet\u00e9 et faire scintiller votre int\u00e9rieur. Parfums disponibles Cristal Pin des Landes Compositions Vinaigre d\u2019alcool (acide ac\u00e9tique 12% : N\u00b0EINECS 200-580-7 \/ n\u00b0CAS 64-19-7).\u2022 [&hellip;]","og_url":"https:\/\/www.dev.bleuvif.com\/grandmenage\/produits\/bidon-vinaigres-dalcool\/","og_site_name":"Grand m\u00e9nage","article_modified_time":"2023-05-04T12:51:35+00:00","og_image":[{"url":"https:\/\/www.dev.bleuvif.com\/grandmenage\/wp-content\/uploads\/2023\/01\/Fleches.png"}],"twitter_card":"summary_large_image","twitter_misc":{"Dur\u00e9e de lecture estim\u00e9e":"2 minutes"},"schema":{"@context":"https:\/\/schema.org","@graph":[{"@type":"WebPage","@id":"https:\/\/www.dev.bleuvif.com\/grandmenage\/produits\/bidon-vinaigres-dalcool\/","url":"https:\/\/www.dev.bleuvif.com\/grandmenage\/produits\/bidon-vinaigres-dalcool\/","name":"Bidon-vinaigres d\u2019alcool - Grand m\u00e9nage","isPartOf":{"@id":"https:\/\/www.dev.bleuvif.com\/grandmenage\/#website"},"datePublished":"2023-01-13T08:41:28+00:00","dateModified":"2023-05-04T12:51:35+00:00","breadcrumb":{"@id":"https:\/\/www.dev.bleuvif.com\/grandmenage\/produits\/bidon-vinaigres-dalcool\/#breadcrumb"},"inLanguage":"fr-FR","potentialAction":[{"@type":"ReadAction","target":["https:\/\/www.dev.bleuvif.com\/grandmenage\/produits\/bidon-vinaigres-dalcool\/"]}]},{"@type":"BreadcrumbList","@id":"https:\/\/www.dev.bleuvif.com\/grandmenage\/produits\/bidon-vinaigres-dalcool\/#breadcrumb","itemListElement":[{"@type":"ListItem","position":1,"name":"PRODUITS","item":"https:\/\/www.dev.bleuvif.com\/grandmenage\/produits\/"},{"@type":"ListItem","position":2,"name":"BIDONS VINAIGRE D'ALCOOL"}]},{"@type":"WebSite","@id":"https:\/\/www.dev.bleuvif.com\/grandmenage\/#website","url":"https:\/\/www.dev.bleuvif.com\/grandmenage\/","name":"Grand m\u00e9nage","description":"","publisher":{"@id":"https:\/\/www.dev.bleuvif.com\/grandmenage\/#organization"},"potentialAction":[{"@type":"SearchAction","target":{"@type":"EntryPoint","urlTemplate":"https:\/\/www.dev.bleuvif.com\/grandmenage\/?s={search_term_string}"},"query-input":"required name=search_term_string"}],"inLanguage":"fr-FR"},{"@type":"Organization","@id":"https:\/\/www.dev.bleuvif.com\/grandmenage\/#organization","name":"Grand m\u00e9nage","url":"https:\/\/www.dev.bleuvif.com\/grandmenage\/","logo":{"@type":"ImageObject","inLanguage":"fr-FR","@id":"https:\/\/www.dev.bleuvif.com\/grandmenage\/#\/schema\/logo\/image\/","url":"https:\/\/www.dev.bleuvif.com\/grandmenage\/wp-content\/uploads\/2023\/01\/cropped-PlaneteGM.png","contentUrl":"https:\/\/www.dev.bleuvif.com\/grandmenage\/wp-content\/uploads\/2023\/01\/cropped-PlaneteGM.png","width":512,"height":512,"caption":"Grand m\u00e9nage"},"image":{"@id":"https:\/\/www.dev.bleuvif.com\/grandmenage\/#\/schema\/logo\/image\/"}}]}},"_links":{"self":[{"href":"https:\/\/www.dev.bleuvif.com\/grandmenage\/wp-json\/wp\/v2\/pages\/2063","targetHints":{"allow":["GET"]}}],"collection":[{"href":"https:\/\/www.dev.bleuvif.com\/grandmenage\/wp-json\/wp\/v2\/pages"}],"about":[{"href":"https:\/\/www.dev.bleuvif.com\/grandmenage\/wp-json\/wp\/v2\/types\/page"}],"author":[{"embeddable":true,"href":"https:\/\/www.dev.bleuvif.com\/grandmenage\/wp-json\/wp\/v2\/users\/1"}],"replies":[{"embeddable":true,"href":"https:\/\/www.dev.bleuvif.com\/grandmenage\/wp-json\/wp\/v2\/comments?post=2063"}],"version-history":[{"count":50,"href":"https:\/\/www.dev.bleuvif.com\/grandmenage\/wp-json\/wp\/v2\/pages\/2063\/revisions"}],"predecessor-version":[{"id":4499,"href":"https:\/\/www.dev.bleuvif.com\/grandmenage\/wp-json\/wp\/v2\/pages\/2063\/revisions\/4499"}],"up":[{"embeddable":true,"href":"https:\/\/www.dev.bleuvif.com\/grandmenage\/wp-json\/wp\/v2\/pages\/14"}],"wp:attachment":[{"href":"https:\/\/www.dev.bleuvif.com\/grandmenage\/wp-json\/wp\/v2\/media?parent=2063"}],"curies":[{"name":"wp","href":"https:\/\/api.w.org\/{rel}","templated":true}]}}